rue
Is 15519923 a composite number?
False
Is 254622721 composite?
True
Is 25614443 prime?
False
Is 45079015 a prime number?
False
Is 16269551 a composite number?
True
Is 247504459 a prime number?
False
Is 27621541 composite?
False
Is 626581 composite?
False
Is 892135693 a composite number?
False
Is 648281 composite?
True
Is 89982199 prime?
True
Is 814279 prime?
True
Is 2197277 a prime number?
True
Is 2165201 composite?
False
Is 9342869 prime?
False
Is 6264239 prime?
False
Is 911189 composite?
True
Is 293861 composite?
False
Is 1339987147 a composite number?
False
Is 11544779 composite?
False
Is 57200633 composite?
True
Is 1044679 composite?
True
Is 24174701 composite?
True
Is 276345967 composite?
False
Is 18539 prime?
True
Is 20296121 composite?
False
Is 25625813 a composite number?
True
Is 4220491 a composite number?
True
Is 7145503 composite?
False
Is 211500979 a composite number?
False
Is 1175123 a composite number?
False
Is 4512349 composite?
True
Is 813499 composite?
False
Is 11632571 a prime number?
True
Is 2505611 a prime number?
True
Is 11609303 prime?
True
Is 8404927 prime?
True
Is 4054387 prime?
True
Is 7384189 a composite number?
False
Is 12300857 a prime number?
True
Is 22691431 a prime number?
False
Is 31589407 a composite number?
False
Is 10255181 a prime number?
True
Is 1200869 a composite number?
False
Is 196598551 composite?
False
Is 1437685 a prime number?
False
Is 499085 a prime number?
False
Is 6291577 composite?
True
Is 27457889 a composite number?
False
Is 2510041 composite?
False
Is 12812179 composite?
False
Is 11713421 prime?
True
Is 1710041 composite?
True
Is 48500827 a composite number?
True
Is 7517759 prime?
False
Is 3098285 composite?
True
Is 62725157 composite?
True
Is 11604797 prime?
False
Is 146486623 a composite number?
True
Is 150137079 a composite number?
True
Is 3806533 prime?
False
Is 136098103 a prime number?
True
Is 7730993 a composite number?
False
Is 249506329 composite?
True
Is 702727147 composite?
True
Is 7630957 a prime number?
False
Is 114680161 composite?
False
Is 35070463 a prime number?
True
Is 1117812689 a prime number?
False
Is 113642479 a composite number?
True
Is 4231627 a composite number?
False
Is 1684561 prime?
True
Is 2895751 composite?
True
Is 11441239 a prime number?
True
Is 1373077 a composite number?
True
Is 59576437 a composite number?
False
Is 82043303 prime?
True
Is 74622245 a composite number?
True
Is 11613977 a prime number?
True
Is 15599 composite?
True
Is 21588317 composite?
True
Is 19232701 prime?
True
Is 60235843 composite?
False
Is 140629703 a prime number?
False
Is 38521085 composite?
True
Is 2889817 prime?
False
Is 13041634 a composite number?
True
Is 17224537 a composite number?
True
Is 38267297 a composite number?
True
Is 54197287 composite?
True
Is 6551099 composite?
True
Is 575801 prime?
False
Is 16646509 composite?
True
Is 30010685 composite?
True
Is 167558591 a prime number?
True
Is 222511 a composite number?
False
Is 96278003 prime?
True
Is 1339381 prime?
True
Is 195879923 composite?
False
Is 7288969 a prime number?
True
Is 6577741 composite?
True
Is 32139539 a prime number?
True
Is 8261233 composite?
False
Is 806101 composite?
True
Is 2278421 a composite number?
False
Is 34567219 a composite number?
False
Is 3431473 a prime number?
True
Is 294201319 prime?
False
Is 6114873 composite?
True
Is 5609911 a composite number?
False
Is 8286767 a prime number?
True
Is 271058951 prime?
False
Is 96430847 a prime number?
True
Is 242315 prime?
False
Is 26797483 a prime number?
False
Is 6207829 composite?
False
Is 2165199 composite?
True
Is 21904195 a composite number?
True
Is 4442239 a prime number?
False
Is 40153798 prime?
False
Is 65479823 a composite number?
False
Is 6367577 a composite number?
True
Is 15482941 a prime number?
True
Is 1093476863 a composite number?
True
Is 16737571 a composite number?
True
Is 459045239 a composite number?
False
Is 16796669 a composite number?
True
Is 2459671 a prime number?
False
Is 2327159 composite?
True
Is 85379891 composite?
False
Is 2574007 prime?
True
Is 12396593 prime?
False
Is 246517757 prime?
False
Is 2393869 a prime number?
True
Is 56083341 a composite number?
True
Is 27084121 prime?
True
Is 47197043 a composite number?
False
Is 11507969 a prime number?
False
Is 4045226 prime?
False
Is 104750299 a composite number?
False
Is 2663603 composite?
False
Is 5595411 prime?
False
Is 38582669 a prime number?
True
Is 946810841 composite?
True
Is 10781857 a composite number?
False
Is 7067743 composite?
True
Is 6966319 composite?
False
Is 444688537 composite?
True
Is 23317193 a prime number?
False
Is 306203 prime?
False
Is 3785273 prime?
True
Is 77961407 prime?
False
Is 781589 a prime number?
True
Is 109707979 prime?
True
Is 69873073 a prime number?
True
Is 40489567 a composite number?
True
Is 274512857 a prime number?
True
Is 23722761 composite?
True
Is 207987379 prime?
True
Is 19159477 prime?
True
Is 2419363 a composite number?
False
Is 1277183 composite?
True
Is 680341 prime?
True
Is 6979187 a composite number?
False
Is 161851351 prime?
True
Is 2379683 prime?
True
Is 39999061 a prime number?
False
Is 158266613 a composite number?
True
Is 4498378 composite?
True
Is 29340383 composite?
False
Is 25299773 prime?
False
Is 4146859 composite?
False
Is 2943493 composite?
True
Is 53853199 prime?
True
Is 5583181 prime?
False
Is 2639639 a prime number?
True
Is 1268903 a composite number?
True
Is 547103285 composite?
True
Is 292696993 a prime number?
False
Is 5960621 a composite number?
True
Is 45631981 composite?
False
Is 6897502 composite?
True
Is 1070549 a prime number?
False
Is 53062799 composite?
True
Is 52265933 a prime number?
True
Is 58673029 prime?
True
Is 15378043 a composite number?
True
Is 223832339 a composite number?
True
Is 10917427 a prime number?
False
Is 2087627 composite?
False
Is 1651223 composite?
True
Is 3721717 a prime number?
True
Is 150651097 a prime number?
False
Is 36534601 a composite number?
True
Is 16170521 prime?
False
Is 838848779 a composite number?
False
Is 92339 composite?
True
Is 70681943 composite?
False
Is 1284889 a composite number?
False
Is 14323783 a composite number?
False
Is 615137 composite?
False
Is 5425555 prime?
False
Is 2269529 a composite number?
False
Is 23817119 prime?
False
Is 23849 composite?
True
Is 492944443 a composite number?
True
Is 38029907 prime?
False
Is 1641154061 a prime number?
True
Is 11726537 a prime number?
False
Is 4480289 a prime number?
False
Is 10164179 prime?
True
Is 15098399 prime?
True
Is 2109235 a composite number?
True
Is 35781406 composite?
True
Is 9543449 a prime number?
False
Is 1961021 a prime number?
True
Is 1471817 a composite number?
False
Is 3004217 composite?
False
Is 4992913 a composite number?
False
Is 34586261 a composite number?
False
Is 18031207 prime?
False
Is 345380209 prime?
True
Is 12928267 a prime number?
False
Is 6565957 a composite number?
False
Is 62339287 composite?
False
Is 40971559 composite?
True
Is 72516091 a prime number?
False
Is 23824783 a prime number?
True
Is 269437891 a prime number?
True
Is 182818151 composite?
True
Is 78785593 a prime number?
False
Is 3816623 a prime number?
True
Is 3924571 a composite number?
True
Is 4980659 a prime number?
False
Is 1023137 composite?
True
Is 128327 a prime number?
True
Is 663889 composite?
True
Is 8724169 prime?
True
Is 2687329 a prime number?
True
Is 41570117 a composite number?
True
Is 1562947 a composite number?
False
Is 3955909 composite?
False
Is 18272713 composite?
True
Is 263689 composite?
True
Is 93148529 prime?
False
Is 6377911 a prime number?
False
Is 1732219 composite?
False
Is 5520091 prime?
False
Is 8660033 a composite number?
False
Is 10442849 prime?
False
Is 3150751 a composite number?
True
Is 1269055 a prime number?
False
Is 2336743 a prime number?
True
Is 476804551 prime?
False
Is 7410719 composite?
False
Is 95575597 a composite number?
True
Is 328814357 a prime number?
False
Is 112970771 composite?
False
Is 296969 prime?
True
Is 62409697 a composite number?
True
Is 2482339 a composite number?
False
Is 438455 a composite number?
True
Is 87345761 a composite number?
False
Is 9165353 a composite number?
True
Is 257731 a prime number?
True
Is 6149905 prime?
False
Is 9563921 prime?
True
Is 6